h + 4 = 2*t, 2*t + 34 - 3 = 3*h. List the prime factors of 14/(d/t*1).
2, 7
Let l(d) be the second derivative of 14*d + 1/20*d**5 - 17/6*d**3 - 5/6*d**4 + 0 + 2*d**2. What are the prime factors of l(12)?
2, 11
Suppose -21 = -19*w + 17. Suppose w*d - 54 - 532 = 0. What are the prime factors of d?
293
Let y be (-14)/4*18/12*4. List the prime factors of (99/y - -5) + (-1958)/(-7).
2, 5, 7
Let g(v) = 28011*v + 31. What are the prime factors of g(1)?
2, 7, 2003
Suppose g + 4671 = -5*f, f + g + 368 = -567. Let p be 48/18*(f/8 + 2). Let l = p - -456. List the prime factors of l.
2, 3, 5
Let w = 47 + -44. Let v(z) = -z**3 + 3*z**2 + z. Let n be v(w). Suppose -n*r - 138 = -2*u, -3 = -r - 1. List the prime factors of u.
2, 3
Let m = -11871 + 14141. List the prime factors of m.
2, 5, 227
Let r = 15721 + -5388. What are the prime factors of r?
10333
Suppose -8*s + 19*s - 22 = 0. Suppose -s*v + 9*v = 2422. List the prime factors of v.
2, 173
Suppose 10 = 5*c - n - 0, -2*c + 5*n = 19. Let o(z) = 2*z**3 - 3*z**2 - 6. Let j be o(c). What are the prime factors of (-3)/(-9) + 854/j?
41
Suppose 3*i - 55241 = -r, 91*r = 5*i + 87*r - 92108. What are the prime factors of i?
2, 1151
Suppose -30 = -8*v + 2*v. Let k = v - 8. Let a = 8 - k. List the prime factors of a.
11
Let c(n) = -4344*n + 261. List the prime factors of c(-2).
3, 19, 157
Let g = -7390 - -13396. List the prime factors of g.
2, 3, 7, 11, 13
What are the prime factors of 4/26 + 133958250/5850?
3, 17, 449
Let p = 34 - 29. Suppose p*k + 717 = -4*w + 2516, w - 1085 = -3*k. What are the prime factors of k?
3, 11
Let d(q) = q**3 - 26*q**2 - 14*q + 369. What are the prime factors of d(31)?
2, 3, 5, 79
Let m = 332 - 313. Let n = m - -96. What are the prime factors of n?
5, 23
Let x(a) = 2*a + 6 - 5*a - 12*a. Let u be x(1). What are the prime factors of 3*(-402)/u + (9 - 7)?
2, 17
Let k be (-2)/((-4)/42) - 16/4. Let g(s) = -22*s + 5*s**2 + k*s - 19 + s**2 - s**2. What are the prime factors of g(-3)?
41
Let r be 798/70 - (14/10 - 2). Suppose 11*x = r*x - 383. Suppose -5*n = 4*u - 368, -5*n + x = -2*u + u. What are the prime factors of n?
2, 19
Let y be 75/20 + -5 - (-5)/4. Suppose y = 77*m - 82*m + 5*a + 3605, 4*a = m - 736. List the prime factors of m.
2, 179
Suppose -17*t = -16*t - 5. Suppose t*g = -4*o + 241, -o = 2*g - 48 - 10. Suppose -62 - o = -3*q. List the prime factors of q.
2, 3, 7
Let l(k) = -7*k**2 - 567*k + 26. List the prime factors of l(-65).
2, 13, 281
Let u(n) = 30*n**2 + 6*n + 15. Let r be u(5). Let y = 1760 - r. List the prime factors of y.
5, 193
Let b = 2698 + -6052. What are the prime factors of (b/(-34))/3 - (-110)/935?
3, 11
Let v = 249 + -241. Suppose 2398 = -v*m + 30*m. What are the prime factors of m?
109
Let x(u) = -5*u**3 + 3*u**2 - 22*u + 114. List the prime factors of x(-12).
2, 3, 5, 7
Suppose 1521 + 554 = 5*s. Suppose 0*n + s = 2*n - f, -2*n + 425 = f. List the prime factors of n.
2, 3, 5, 7
Suppose -2*r + 33 = -5*p, 0 = -2*r - p - 4*p + 23. Let m(n) = 2*n + 16. Let u be m(-7). What are the prime factors of (6148/r)/u - (-24)/56?
2, 5, 11
Suppose 0*n = 3*n - 4*q - 14, 0 = -3*n + 3*q + 9. Let s(c) be the first derivative of -5*c**2 + 676. What are the prime factors of s(n)?
2, 5
Let z(a) = 17062*a**2 + 808*a - 1614. List the prime factors of z(2).
2, 3, 5, 7, 13
Let l be ((-39)/5 + 1)/((-3)/(-15)). Let r = l + 36. Suppose k + 8 - 191 = -3*b, 0 = -r*b - 3*k + 122. List the prime factors of b.
61
Let c = 1126 + 7868. What are the prime factors of c?
2, 3, 1499
List the prime factors of (-23085)/380*(-1 - 939).
3, 5, 47
Suppose 4*r + 8 + 28 = -y, -5*y + 27 = -3*r. Let w be (-30)/r*(-9)/(-6). Suppose w*u - 93 - 47 = 0. List the prime factors of u.
2, 7
Let z = 58 - 54. Suppose -z*x + 57 + 7 = 0. Let w(u) = u**2 - 15*u + 23. List the prime factors of w(x).
3, 13
Let p be -2*2/(-8)*6. Suppose 62*f + 16 = 54*f. What are the prime factors of (300/5 + -1)*(p + f)?
59
Suppose -1 = -3*n + w, 3*n + 5*w = 4*n + 23. Suppose 0*j + 84 = n*j. Suppose 2*u - 4*z - j = 172, -u - 3*z = -87. List the prime factors of u.
3, 11
Suppose 4*v - 3*w = 193, 0 = 2*w - 13 + 3. Suppose -120*j - v = -121*j. List the prime factors of j.
2, 13
Suppose 5*p - 113 = 2*a, -4*p - 11*a = -10*a - 80. Let y = 12 + 9. List the prime factors of y/(-2)*((-112)/p - -2).
5, 7
List the prime factors of (-94476)/(-16) + (-273)/28 + 10.
5, 1181
What are the prime factors of ((-147)/4)/(-3)*(-323904)/(-482)?
2, 3, 7
Let b(i) = -2*i**3 + 8*i**2 + 51*i - 170. What are the prime factors of b(-18)?
2, 823
Let w(o) = 3*o**2 - 135*o - 182. List the prime factors of w(69).
2, 2393
Let w = -17407 - -28470. What are the prime factors of w?
13, 23, 37
Let p(q) = 3*q**3 + 8*q**2 - 29. Let g be p(-8). Let s = 1744 + g. What are the prime factors of s?
691
Let n(u) = -11 + 9 - 3*u + 2*u**2 - 37 - 6*u. What are the prime factors of n(-25)?
2, 359
List the prime factors of (70/140)/((7/35)/(45946/5)).
22973
Let l be (0/(2 - 8))/(-1). Suppose -4*o = 5*v - 1709, l = -7*o + 3*o - 3*v + 1715. What are the prime factors of o?
431
Suppose 1281*y = 1238*y + 143878. List the prime factors of y.
2, 7, 239
Let x = -113 + 113. Suppose 91*c - 86*c - 180 = x. Suppose 0 = -32*d + c*d - 612. What are the prime factors of d?
3, 17
Suppose 28 = 2*o + 4. Let h be (4 + -7)*1 + o. List the prime factors of -2 - 166/(-8) - h/(-36).
19
Suppose 252 = 9*w - 3*w. Suppose 0 = -c - w - 193. Let x = c + 397. List the prime factors of x.
2, 3
Let q(y) = -2152*y**3 + 3*y**2 + 8*y + 6. Let j be q(-1). Suppose -j = -44*u + 5459. What are the prime factors of u?
173
Suppose 3*c + 22 = 4*c. List the prime factors of 96/3 + 154/c.
3, 13
Let x(c) = -13*c - 113. Let z be x(-9). Suppose 7*g = -2*n + 10*g + 1715, -z*n = -g - 3435. What are the prime factors of n?
859
Suppose -2*g + 6*g = 5*g. Suppose 30*i - 33*i + 21 = g. Suppose -128 = -8*s + i*s. List the prime factors of s.
2
Let q = 2167 - -2997. List the prime factors of q.
2, 1291
What are the prime factors of 31/(496/78816) - (0 + (-8)/(-2))?
2, 23, 107
Let y(j) = 2*j**3 + 31*j**2 - 6*j + 34. Let z(i) = -36*i + 240. Let v be z(7). List the prime factors of y(v).
2, 557
Let f(n) = 25*n**3 - n**2 + n - 1. Let o be f(1). Let i be ((o/(-18))/(3/(-684)))/1. Suppose q + 3*u = -q + i, u - 747 = -5*q. List the prime factors of q.
149
Let i(o) = o**3 - 13*o**2 + 11*o + 12. Let l be i(12). Suppose -z + 61 - 15 = l. Suppose -f + 6 = -z. What are the prime factors of f?
2, 13
Let p = 186 - 182. Suppose 2189 = 5*g + p*b, 8 = 7*b - 9*b. List the prime factors of g.
3, 7
Let d(j) = j**3 + 9*j**2 - 17*j + 16. Suppose 0 = 46*x - 41*x - 35. List the prime factors of d(x).
3, 227
Let n = -756 + 760. Suppose -3*x - 25 = -5*m, m - 1 = 3*x + 4. Suppose n*d - 8 - 60 = x. What are the prime factors of d?
17
Let y(d) = -161*d + 5292. List the prime factors of y(-130).
2, 7, 1873
Let z = -9 + 0. Let i(p) = -p**2 - 21*p - 13. Let u be i(z). Suppose -2*r + 29 = -u. List the prime factors of r.
2, 31
Let g = 13195 - -31963. List the prime factors of g.
2, 67, 337
Let b(a) = 17*a**3 - 6*a**2 - 51*a + 447. What are the prime factors of b(12)?
3, 11, 859
Let r(g) = 9*g**3 + 7*g - 28. Let k be (-2)/(-3) - 200/(-60). List the prime factors of r(k).
2, 3
Suppose -4*c + 5*i = -937 - 453, -4*i = 5*c - 1758. Let d = c - 327. List the prime factors of d.
23
Let l be ((-5 - 3)/(-1) - -1) + 2. Suppose l*a - 83 = -688. List the prime factors of ((-22)/a)/(2/260).
2, 13
Let r(p) = p**3 - 4*p**2 - 5*p + 2. Let h be r(5). Suppose 0 = 2*a + 10, -h*m = 3*m + 3*a - 130. Let l = 78 - m. List the prime factors of l.
7
Let d(v) = -15*v - 5. Let s(j) = 2*j. Let p(b) = -2*d(b) - 18*s(b). Suppose -3*u - 4*r = 9, 8*u - 2*r = 7*u - 13. What are the prime factors of p(u)?
2, 13
Let b be (-8)/(-6)*(-6 + 72). Suppose -f = 236 + b. Let a = -210 - f. What are the prime factors of a?
2, 3, 19
Let t = 34481 + -20101. List the prime factors of t.
2, 5, 719
Let k(w) = -185*w - 1209. List the prime factors of k(-35).
2, 2633
Let q(p) = -p**2 - 19*p - 66. Let y be q(-14). Let t = 33 - y. List the prime factors of t.
29
Let o = -15578 - -43846. What are the prime factors of o?
2, 37, 191
Let p = -10754 - -23853. Suppose -13*b = -p - 4984. List the prime factors of b.
13, 107
Let b(i) = 23